{"id":1853,"date":"2012-04-01T16:23:57","date_gmt":"2012-04-01T14:23:57","guid":{"rendered":"http:\/\/www.aikido-bochum.de\/?page_id=1853"},"modified":"2023-05-24T16:57:56","modified_gmt":"2023-05-24T14:57:56","slug":"anfahrt","status":"publish","type":"page","link":"https:\/\/www.aikido-bochum.de\/?page_id=1853","title":{"rendered":"Anfahrt"},"content":{"rendered":"<h2>Adresse<\/h2>\n<p>c\/o JSC Gerthe e. V. Bochum<\/p>\n<p>Castroper Hellweg 544<br \/>\n44805 Bochum<\/p>\n<h2>Karten<\/h2>\n<h4><strong>Per Bus<\/strong><\/h4>\n<p>Linie 353 oder 364 bis Sch\u00fcrbankstra\u00dfe, von dort 3 Minuten zu Fu\u00df.<\/p>\n<h4><strong>Mit der Stra\u00dfenbahn<\/strong><\/h4>\n<p>Linie 308 bis Sch\u00fcrbankstra\u00dfe, von dort 3 Minuten zu Fu\u00df.<\/p>\n","protected":false},"excerpt":{"rendered":"<p>Adresse c\/o JSC Gerthe e. V. Bochum Castroper Hellweg 544 44805 Bochum Karten Per Bus Linie 353 oder 364 bis Sch\u00fcrbankstra\u00dfe, von dort 3 Minuten zu Fu\u00df. Mit der Stra\u00dfenbahn Linie 308 bis Sch\u00fcrbankstra\u00dfe, von dort 3 Minuten zu Fu\u00df.<\/p>\n","protected":false},"author":2,"featured_media":0,"parent":12,"menu_order":40,"comment_status":"closed","ping_status":"closed","template":"","meta":{"footnotes":""},"class_list":["post-1853","page","type-page","status-publish","hentry"],"_links":{"self":[{"href":"https:\/\/www.aikido-bochum.de\/index.php?rest_route=\/wp\/v2\/pages\/1853","targetHints":{"allow":["GET"]}}],"collection":[{"href":"https:\/\/www.aikido-bochum.de\/index.php?rest_route=\/wp\/v2\/pages"}],"about":[{"href":"https:\/\/www.aikido-bochum.de\/index.php?rest_route=\/wp\/v2\/types\/page"}],"author":[{"embeddable":true,"href":"https:\/\/www.aikido-bochum.de\/index.php?rest_route=\/wp\/v2\/users\/2"}],"replies":[{"embeddable":true,"href":"https:\/\/www.aikido-bochum.de\/index.php?rest_route=%2Fwp%2Fv2%2Fcomments&post=1853"}],"version-history":[{"count":14,"href":"https:\/\/www.aikido-bochum.de\/index.php?rest_route=\/wp\/v2\/pages\/1853\/revisions"}],"predecessor-version":[{"id":5106,"href":"https:\/\/www.aikido-bochum.de\/index.php?rest_route=\/wp\/v2\/pages\/1853\/revisions\/5106"}],"up":[{"embeddable":true,"href":"https:\/\/www.aikido-bochum.de\/index.php?rest_route=\/wp\/v2\/pages\/12"}],"wp:attachment":[{"href":"https:\/\/www.aikido-bochum.de\/index.php?rest_route=%2Fwp%2Fv2%2Fmedia&parent=1853"}],"curies":[{"name":"wp","href":"https:\/\/api.w.org\/{rel}","templated":true}]}}