{"id":2288,"date":"2013-01-15T21:07:50","date_gmt":"2013-01-15T20:07:50","guid":{"rendered":"http:\/\/www.aikido-bochum.de\/?page_id=2288"},"modified":"2022-09-12T17:04:10","modified_gmt":"2022-09-12T15:04:10","slug":"elemente-und-prinzipien","status":"publish","type":"page","link":"https:\/\/www.aikido-bochum.de\/?page_id=2288","title":{"rendered":"Prinzipien und Elemente"},"content":{"rendered":"<p style=\"text-align: justify;\">Auf dieser Seite stellen wir nach und nach Beitr\u00e4ge ein, die sich mit zentralen Aspekten des Aikido besch\u00e4ftigen oder wertvolle Anregungen geben. Einfach die Stichw\u00f6rter anklicken:<\/p>\n<p><a href=\"https:\/\/www.aikido-bochum.de\/?p=4731\">AIKIDO ANIMALS<\/a> \u2013 Online-Betreuung f\u00fcr unsere Kindergruppe w\u00e4hrend der Corona-Zeit<\/p>\n<p style=\"text-align: justify;\"><a href=\"https:\/\/www.aikido-bochum.de\/wp-content\/uploads\/2013\/01\/Aiki-jinja.pdf\">AIKI-JINJA<\/a> \u2013 der Aiki-Schrein in Iwama; Erl\u00e4uterungen und Reflexionen<\/p>\n<p><a href=\"https:\/\/www.youtube.com\/channel\/UCpbkHkPTdrWgAu0uLjzWLEg\" target=\"_blank\" rel=\"noopener\">FELDENKRAIS<\/a> \u2013 Mirjams Lockdown-Lektionen als Podcasts:<\/p>\n<p style=\"padding-left: 40px;\"><a href=\"https:\/\/www.youtube.com\/watch?v=hEzfTWLsZN4&amp;feature=emb_logo\" target=\"_blank\" rel=\"noopener\">Mehr Bewusstsein f\u00fcr den Kiefer Teil 1<\/a><span class=\"apple-converted-space\">\u00a0<\/span>und<span class=\"apple-converted-space\">\u00a0<\/span><a href=\"https:\/\/www.youtube.com\/watch?v=zgVRRgPXuWM\" target=\"_blank\" rel=\"noopener\">Teil 2<\/a> \u2013\u00a0<a href=\"https:\/\/www.youtube.com\/watch?v=NdlP2EJ5_HE\">Kraft aus der K\u00f6rpermitte<\/a> \u2013 <a href=\"https:\/\/www.youtube.com\/watch?v=toD_bbnu-cc\">Bequem sitzen<\/a> \u2013 <a href=\"https:\/\/www.youtube.com\/watch?v=Zq_92NoAgKw&amp;t=1s\">Freier Atem<\/a> \u2013 <a href=\"https:\/\/www.youtube.com\/watch?v=16WrHSDpZqU\">Freier Blick<\/a><\/p>\n<p><a href=\"https:\/\/www.aikido-bochum.de\/wp-content\/uploads\/2013\/01\/Gelassenheit-Zusammenfassung.pdf\">GELASSENHEIT<\/a>\u00a0\u2013 Inspirationen zur Aiki Peace Week 2013<\/p>\n<p><a href=\"https:\/\/www.aikido-bochum.de\/wp-content\/uploads\/2013\/01\/Gyoji1.pdf\">GYOJI<\/a>: unaufh\u00f6rliche \u00dcbung\u00a0<span class=\"Apple-style-span\">\u2013 Anregungen vom Workshop &#8222;Sumi-e <span class=\"Apple-style-span\">\u2013 Aikido\u00a0<span class=\"Apple-style-span\">\u2013 Zen&#8220; im Juni 2014<\/span><\/span><\/span><\/p>\n<p><a href=\"https:\/\/www.aikido-bochum.de\/wp-content\/uploads\/2013\/01\/Kommunikation-zwischen-Uke-und-Nage.pdf\">KOMMUNIKATION<\/a>\u00a0zwischen Uke und Nage\u00a0<span class=\"Apple-style-span\">\u2013 Inspirationen aus dem Kaizen Aikido Netzwerk<\/span><\/p>\n<p><a href=\"https:\/\/www.aikido-bochum.de\/wp-content\/uploads\/2013\/01\/Kuzushi.pdf\">KUZUSHI<\/a>\u00a0\u2013 Die Balance brechen \u00a0 (<a href=\"https:\/\/www.aikido-bochum.de\/wp-content\/uploads\/2013\/01\/Erg\u00e4nzung-1.pdf\">Kommentar<\/a>)<\/p>\n<p><a href=\"https:\/\/www.aikido-bochum.de\/wp-content\/uploads\/2013\/01\/Meditationstexte-Tada-Nakamura-.pdf\">MEDITATION<\/a>\u00a0\u2013 Texte zur Inspiration<\/p>\n<p><a href=\"https:\/\/www.aikido-bochum.de\/wp-content\/uploads\/2013\/01\/Metsuke.pdf\">METSUKE<\/a>\u00a0\u2013 Augen auf und durch?<\/p>\n<p><a href=\"https:\/\/www.aikido-bochum.de\/wp-content\/uploads\/2013\/01\/Muteki.pdf\">MUTEKI<\/a>\u00a0\u2013 &#8222;Feindlosigkeit&#8220;<\/p>\n<p><a href=\"https:\/\/www.aikido-bochum.de\/wp-content\/uploads\/2013\/01\/Reden-und-Schweigen.pdf\">SCHWEIGEN<\/a>\u00a0\u2013 Vom Reden und Schweigen im Aikidotraining<\/p>\n<p><a href=\"https:\/\/www.aikido-bochum.de\/wp-content\/uploads\/2013\/01\/Shoshin.pdf\">SHOSHIN<\/a>\u00a0\u2013 Der &#8222;Geist des ersten Mal&#8220;<\/p>\n<p><a href=\"https:\/\/www.aikido-bochum.de\/wp-content\/uploads\/2013\/01\/Artikel-Sumi-e-Aikido-Zen.pdf\">SUMI-E<\/a> (japanische Tuschemalerei), Aikido und Zen\u00a0\u2013 eine Reportage aus dem &#8222;Aikido Journal&#8220;<\/p>\n<p><a title=\"Kaizen Aikido Netzwerk-Treffen: &quot;Verbindung&quot;\" href=\"https:\/\/www.youtube.com\/watch?v=E_etwB1dt80\" target=\"_blank\" rel=\"noopener noreferrer\">VERBINDUNG<\/a>\u00a0\u2013 Videoclip vom 3. Austauschtreffen des Kaizen Aikido Netzwerks im M\u00e4rz 2014<\/p>\n<p><a href=\"https:\/\/www.aikido-bochum.de\/wp-content\/uploads\/2022\/09\/Online-Version.pdf\">WOZU AIKIDO \u00dcBEN?<\/a> \u2013 Eine Festansprache<\/p>\n<p><a href=\"https:\/\/www.aikido-bochum.de\/?p=4699\">ZEHN OCHSENBILDER<\/a> f\u00fcr Aikidoka<\/p>\n<hr \/>\n<h2><\/h2>\n<p style=\"text-align: justify;\"><img loading=\"lazy\" decoding=\"async\" class=\"alignright\" src=\"https:\/\/www.aikido-bochum.de\/wp-content\/uploads\/2013\/01\/H-Leere-150x150.jpg\" alt=\"H Leere\" width=\"150\" height=\"150\" \/><\/p>\n<p style=\"text-align: justify;\"><strong>\u201eEine Aikido-Begegnung: ein Augenblick\u00a0 der Konzen-tration, der Leere, des Friedens, der Einheit von Geist und K\u00f6rper; es geschieht einfach.\u201c<\/strong><\/p>\n","protected":false},"excerpt":{"rendered":"<p>Auf dieser Seite stellen wir nach und nach Beitr\u00e4ge ein, die sich mit zentralen Aspekten des Aikido besch\u00e4ftigen oder wertvolle Anregungen geben. Einfach die Stichw\u00f6rter anklicken: AIKIDO ANIMALS \u2013 Online-Betreuung f\u00fcr unsere Kindergruppe w\u00e4hrend der Corona-Zeit AIKI-JINJA \u2013 der Aiki-Schrein in Iwama; Erl\u00e4uterungen und Reflexionen FELDENKRAIS \u2013 Mirjams Lockdown-Lektionen als Podcasts: Mehr Bewusstsein f\u00fcr den [&hellip;]<\/p>\n","protected":false},"author":9,"featured_media":0,"parent":9,"menu_order":3,"comment_status":"closed","ping_status":"closed","template":"","meta":{"footnotes":""},"class_list":["post-2288","page","type-page","status-publish","hentry"],"_links":{"self":[{"href":"https:\/\/www.aikido-bochum.de\/index.php?rest_route=\/wp\/v2\/pages\/2288","targetHints":{"allow":["GET"]}}],"collection":[{"href":"https:\/\/www.aikido-bochum.de\/index.php?rest_route=\/wp\/v2\/pages"}],"about":[{"href":"https:\/\/www.aikido-bochum.de\/index.php?rest_route=\/wp\/v2\/types\/page"}],"author":[{"embeddable":true,"href":"https:\/\/www.aikido-bochum.de\/index.php?rest_route=\/wp\/v2\/users\/9"}],"replies":[{"embeddable":true,"href":"https:\/\/www.aikido-bochum.de\/index.php?rest_route=%2Fwp%2Fv2%2Fcomments&post=2288"}],"version-history":[{"count":82,"href":"https:\/\/www.aikido-bochum.de\/index.php?rest_route=\/wp\/v2\/pages\/2288\/revisions"}],"predecessor-version":[{"id":4987,"href":"https:\/\/www.aikido-bochum.de\/index.php?rest_route=\/wp\/v2\/pages\/2288\/revisions\/4987"}],"up":[{"embeddable":true,"href":"https:\/\/www.aikido-bochum.de\/index.php?rest_route=\/wp\/v2\/pages\/9"}],"wp:attachment":[{"href":"https:\/\/www.aikido-bochum.de\/index.php?rest_route=%2Fwp%2Fv2%2Fmedia&parent=2288"}],"curies":[{"name":"wp","href":"https:\/\/api.w.org\/{rel}","templated":true}]}}